emainder when 460735 is divided by 1080?
655
Calculate the remainder when 32203958 is divided by 115.
48
What is the remainder when 206570 is divided by 51633?
38
What is the remainder when 55787739 is divided by 16?
11
Calculate the remainder when 319253 is divided by 15193.
200
Calculate the remainder when 928156 is divided by 1979.
5
What is the remainder when 930 is divided by 576?
354
What is the remainder when 7368152 is divided by 52?
12
Calculate the remainder when 19116543 is divided by 1911653.
13
Calculate the remainder when 4361 is divided by 957.
533
Calculate the remainder when 140989 is divided by 15635.
274
Calculate the remainder when 2157190 is divided by 200.
190
Calculate the remainder when 2108901 is divided by 119.
102
What is the remainder when 225809 is divided by 117?
116
What is the remainder when 258994 is divided by 1144?
450
What is the remainder when 365794 is divided by 3048?
34
What is the remainder when 2126969 is divided by 22?
9
Calculate the remainder when 156160 is divided by 3253.
16
What is the remainder when 425499143 is divided by 24?
23
What is the remainder when 17011 is divided by 13857?
3154
Calculate the remainder when 41811311 is divided by 50.
11
What is the remainder when 67714 is divided by 508?
150
Calculate the remainder when 8189 is divided by 3026.
2137
What is the remainder when 2568746 is divided by 75540?
386
What is the remainder when 9103576 is divided by 59114?
20
Calculate the remainder when 5060195 is divided by 208.
179
What is the remainder when 532228 is divided by 106431?
73
What is the remainder when 4340818 is divided by 59?
11
Calculate the remainder when 1651973 is divided by 825986.
1
What is the remainder when 171314150 is divided by 451?
447
What is the remainder when 460882471 is divided by 36?
31
Calculate the remainder when 5373378 is divided by 434.
24
Calculate the remainder when 446065970 is divided by 6028.
6026
Calculate the remainder when 5890037 is divided by 1095.
32
What is the remainder when 2037598 is divided by 339591?
52
Calculate the remainder when 2731384 is divided by 910159.
907
What is the remainder when 863308 is divided by 123289?
285
Calculate the remainder when 1726413 is divided by 172640.
13
Calculate the remainder when 293725 is divided by 22574.
263
Calculate the remainder when 40011381 is divided by 1503.
18
Calculate the remainder when 763179 is divided by 3741.
15
What is the remainder when 57520 is divided by 332?
84
What is the remainder when 173753 is divided by 1678?
919
Calculate the remainder when 11320 is divided by 62.
36
What is the remainder when 981975 is divided by 15?
0
Calculate the remainder when 1481033 is divided by 37.
34
Calculate the remainder when 9603359 is divided by 3240.
3239
Calculate the remainder when 47811577 is divided by 238.
233
What is the remainder when 90292275 is divided by 104?
99
What is the remainder when 3493842 is divided by 1164579?
105
What is the remainder when 53589 is divided by 17075?
2364
Calculate the remainder when 6981974 is divided by 1396327.
339
Calculate the remainder when 170494611 is divided by 4001.
3999
Calculate the remainder when 6876856 is divided by 764093.
19
Calculate the remainder when 1224292 is divided by 10375.
42
What is the remainder when 36245219 is divided by 18122603?
13
Calculate the remainder when 26038316 is divided by 26.
18
What is the remainder when 12451078 is divided by 683?
671
Calculate the remainder when 8251251 is divided by 37001.
28
What is the remainder when 239573911 is divided by 40?
31
What is the remainder when 29558079 is divided by 102?
9
Calculate the remainder when 385841927 is divided by 4829.
4827
Calculate the remainder when 18759 is divided by 3366.
1929
What is the remainder when 17656 is divided by 1465?
76
What is the remainder when 615389 is divided by 76896?
221
Calculate the remainder when 183095 is divided by 1327.
1296
What is the remainder when 44158 is divided by 686?
254
Calculate the remainder when 7376299 is divided by 45.
34
Calculate the remainder when 1039000905 is divided by 33.
30
What is the remainder when 47924143 is divided by 43?
41
What is the remainder when 145243 is divided by 115?
113
What is the remainder when 310981 is divided by 598?
21
What is the remainder when 11478 is divided by 2937?
2667
Calculate the remainder when 309146 is divided by 290.
6
What is the remainder when 1105675 is divided by 861?
151
What is the remainder when 4518998 is divided by 159?
59
Calculate the remainder when 35762 is divided by 10695.
3677
What is the remainder when 13469068 is divided by 399?
25
What is the remainder when 376619099 is divided by 655?
649
Calculate the remainder when 5755194 is divided by 36425.
44
Calculate the remainder when 1793329 is divided by 1708.
1637
What is the remainder when 1090596 is divided by 155794?
38
Calculate the remainder when 177708 is divided by 58049.
3561
Calculate the remainder when 466752 is divided by 5244.
36
Calculate the remainder when 1628063 is divided by 842.
477
Calculate the remainder when 1095269 is divided by 108.
41
Calculate the remainder when 24195924 is divided by 170.
164
Calculate the remainder when 15055974 is divided by 800.
774
What is the remainder when 9923 is divided by 7974?
1949
Calculate the remainder when 2153412 is divided by 1889.
1841
What is the remainder when 165740 is divided by 951?
266
What is the remainder when 33797464 is divided by 24?
16
Calculate the remainder when 715568 is divided by 119259.
14
What is the remainder when 84750588 is divided by 961?
959
Calculate the remainder when 5926143 is divided by 197538.
3
Calculate the remainder when 404366 is divided by 26851.
1601
What is the remainder when 235688035 is divided by 9765?
9760
What is the remainder when 16698349 is divided by 457?
26
What is the remainder when 1341950 is divided by 173?
162
What is the remainder when 32632961 is divided by 813?
767
What is the remainder when 10765433 is divided by 288?
281
Calculate the remainder when 37200 is divided by 3234.
1626
What is the remainder when 16098060 is divided by 731729?
22
Calculate the remainder when 424102 is divided by 102.
88
Calculate the remainder when 129500986 is divided by 5433.
5431
Calculate the remainder when 16655246 is divided by 29.
24
What is the remainder when 7108483 is divided by 19?
13
What is the remainder when 225073 is divided by 112269?
535
Calculate the remainder when 203879 is divided by 329.
228
What is the remainder when 673655 is divided by 111878?
2387
What is the remainder when 75797 is divided by 3292?
81
Calculate the remainder when 952131 is divided by 952124.
7
What is the remainder when 38203 is divided by 2085?
673
Calculate the remainder when 6021826 is divided by 602182.
6
What is the remainder when 62186588 is divided by 5968?
28
Calculate the remainder when 54122 is divided by 13640.
13202
What is the remainder when 259724835 is divided by 51?
42
What is the remainder when 7857840 is divided by 78578?
40
What is the remainder when 221499 is divided by 20113?
256
Calculate the remainder when 7613895 is divided by 35.
30
What is the remainder when 80024 is divided by 164?
156
What is the remainder when 506887 is divided by 15356?
139
What is the remainder when 18396621 is divided by 1297?
1270
Calculate the remainder when 3357683 is divided by 99.
98
Calculate the remainder when 80488737 is divided by 164.
161
Calculate the remainder when 1272213 is divided by 723.
456
Calculate the remainder when 74471 is divided by 639.
347
Calculate the remainder when 2628020 is divided by 367.
300
Calculate the remainder when 543628 is divided by 33975.
28
What is the remainder when 2804354 is divided by 20928?
2
Calculate the remainder when 48625 is divided by 512.
497
Calculate the remainder when 91156 is divided by 2124.
1948
Calculate the remainder when 33691 is divided by 866.
783
Calculate the remainder when 74503 is divided by 74480.
23
Calculate the remainder when 2223393 is divided by 2222571.
822
What is the remainder when 5029706 is divided by 264?
242
What is the remainder when 100002 is divided by 98431?
1571
Calculate the remainder when 281238 is divided by 21621.
165
What is the remainder when